by 310?
114
What is the remainder when 1101 is divided by 603?
498
What is the remainder when 212170 is divided by 53038?
18
What is the remainder when 6189 is divided by 28?
1
Calculate the remainder when 312904 is divided by 434.
424
What is the remainder when 2425 is divided by 151?
9
What is the remainder when 23926 is divided by 7966?
28
What is the remainder when 11342 is divided by 112?
30
What is the remainder when 9867 is divided by 63?
39
Calculate the remainder when 3793 is divided by 545.
523
Calculate the remainder when 47607 is divided by 1359.
42
What is the remainder when 3795966 is divided by 64?
62
Calculate the remainder when 3416 is divided by 491.
470
What is the remainder when 5504 is divided by 388?
72
Calculate the remainder when 45228 is divided by 15073.
9
What is the remainder when 1419580 is divided by 81?
55
Calculate the remainder when 31626 is divided by 19.
10
What is the remainder when 13792 is divided by 4595?
7
Calculate the remainder when 16042 is divided by 2685.
2617
What is the remainder when 108281 is divided by 109?
44
Calculate the remainder when 60872 is divided by 15182.
144
What is the remainder when 348737 is divided by 116236?
29
What is the remainder when 1589940 is divided by 24?
12
Calculate the remainder when 85365 is divided by 1611.
1593
What is the remainder when 15390 is divided by 179?
175
What is the remainder when 45564 is divided by 69?
24
Calculate the remainder when 4272 is divided by 609.
9
Calculate the remainder when 16138 is divided by 2734.
2468
Calculate the remainder when 869517 is divided by 27.
9
Calculate the remainder when 131937 is divided by 61.
55
Calculate the remainder when 552667 is divided by 1443.
1441
What is the remainder when 27470 is divided by 807?
32
Calculate the remainder when 3052 is divided by 234.
10
What is the remainder when 6340 is divided by 238?
152
What is the remainder when 238 is divided by 25?
13
What is the remainder when 6522 is divided by 724?
6
What is the remainder when 340603 is divided by 261?
259
What is the remainder when 1693 is divided by 527?
112
What is the remainder when 83862 is divided by 892?
14
Calculate the remainder when 551085 is divided by 132.
117
What is the remainder when 2779982 is divided by 586?
584
Calculate the remainder when 309 is divided by 56.
29
What is the remainder when 39496 is divided by 4934?
24
What is the remainder when 30028 is divided by 22?
20
Calculate the remainder when 196235 is divided by 138.
137
What is the remainder when 3844 is divided by 90?
64
What is the remainder when 41430 is divided by 20709?
12
Calculate the remainder when 16485 is divided by 1226.
547
What is the remainder when 93997 is divided by 50?
47
What is the remainder when 1618 is divided by 402?
10
Calculate the remainder when 2074 is divided by 612.
238
Calculate the remainder when 183610 is divided by 13.
11
What is the remainder when 863597 is divided by 34?
31
What is the remainder when 117309 is divided by 2300?
9
What is the remainder when 102718 is divided by 428?
426
What is the remainder when 6540 is divided by 55?
50
What is the remainder when 2389189 is divided by 104?
101
Calculate the remainder when 3032 is divided by 1479.
74
What is the remainder when 5700 is divided by 24?
12
What is the remainder when 679590 is divided by 37?
11
What is the remainder when 40722 is divided by 2036?
2
What is the remainder when 5708 is divided by 109?
40
What is the remainder when 50088 is divided by 361?
270
What is the remainder when 25837 is divided by 56?
21
What is the remainder when 18338 is divided by 39?
8
What is the remainder when 29752 is divided by 9916?
4
What is the remainder when 45287 is divided by 870?
47
What is the remainder when 509102 is divided by 47?
45
Calculate the remainder when 909 is divided by 103.
85
Calculate the remainder when 7179 is divided by 451.
414
Calculate the remainder when 74029 is divided by 29.
21
Calculate the remainder when 660 is divided by 178.
126
What is the remainder when 12438 is divided by 5?
3
What is the remainder when 9538 is divided by 1672?
1178
What is the remainder when 22959 is divided by 112?
111
What is the remainder when 12336 is divided by 2915?
676
What is the remainder when 20997 is divided by 30?
27
Calculate the remainder when 4743 is divided by 4684.
59
Calculate the remainder when 894 is divided by 59.
9
Calculate the remainder when 39391 is divided by 13.
1
What is the remainder when 15723 is divided by 915?
168
Calculate the remainder when 132257 is divided by 12022.
15
Calculate the remainder when 13568 is divided by 13484.
84
Calculate the remainder when 21145 is divided by 54.
31
What is the remainder when 219364 is divided by 43872?
4
Calculate the remainder when 98469 is divided by 32767.
168
What is the remainder when 58955 is divided by 26?
13
What is the remainder when 2387 is divided by 1175?
37
What is the remainder when 1917 is divided by 36?
9
Calculate the remainder when 984734 is divided by 246182.
6
What is the remainder when 29370 is divided by 1087?
21
What is the remainder when 2866 is divided by 353?
42
Calculate the remainder when 1218 is divided by 621.
597
Calculate the remainder when 10404 is divided by 124.
112
Calculate the remainder when 8920 is divided by 2958.
46
Calculate the remainder when 69595 is divided by 696.
691
Calculate the remainder when 10724 is divided by 669.
20
Calculate the remainder when 38273 is divided by 221.
40
Calculate the remainder when 11218 is divided by 11202.
16
What is the remainder when 911 is divided by 882?
29
Calculate the remainder when 10640 is divided by 4644.
1352
What is the remainder when 299 is divided by 87?
38
Calculate the remainder when 3287 is divided by 210.
137
Calculate the remainder when 24598 is divided by 8114.
256
What is the remainder when 22831 is divided by 11410?
11
What is the remainder when 1219 is divided by 59?
39
Calculate the remainder when 3735 is divided by 24.
15
Calculate the remainder when 16924 is divided by 196.
68
What is the remainder when 3971 is divided by 990?
11
Calculate the remainder when 8279 is divided by 589.
33
Calculate the remainder when 319737 is divided by 558.
3
What is the remainder when 16917 is divided by 81?
69
Calculate the remainder when 803119 is divided by 5083.
5
What is the remainder when 924 is divided by 24?
12
Calculate the remainder when 28973 is divided by 14413.
147
What is the remainder when 11194 is divided by 200?
194
What is the remainder when 11091 is divided by 2210?
41
What is the remainder when 10863 is divided by 191?
167
Calculate the remainder when 2260 is divided by 376.
4
Calculate the remainder when 333161 is divided by 38.
15
What is the remainder when 19022 is divided by 373?
372
What is the remainder when 460612 is divided by 161?
152
Calculate the remainder when 10392 is divided by 10356.
36
What is the remainder when 641310 is divided by 49?
47
Calculate the remainder when 96953 is divided by 66.
65
Calculate the remainder when 178028 is divided by 343.
11
What is the remainder when 3619 is divided by 3617?
2
Calculate the remainder when 118798 is divided by 80.
78
What is the remainder when 32818 is divided by 5198?
1630
What is the remainder when 64282 is divided by 16?
10
What is the remainder when 38675 is divided by 263?
14
What is the remainder when 32636 is divided by 20?
16
What is the remainder when 30387 is divided by 3798?
3
What is the remainder when 12544 is divided by 13?
12
Calculate the remainder when 127179 is divided by 15.
9
Calculate the remainder when 1970 is divided by 200.
170
Calculate the remainder when 41608 is divided by 126.
28
What is the remainder when 3026 is divided by 21?
2
Calculate the remainder when 512585 is divided by 6.
5
What is the remainder when 22318 is divided by 1294?
320
What is the remainder when 20800 is divided by 6902?
94
What is the remainder when 2962 is divided by 1469?
24
Calculate the remainder when 4035 is divided by 445.
30
Calculate the remainder when 1887 is divided by 663.
561
Calculate the remainder when 2546 is divided by 843.
17
What is the remainder when 1632 is divided by 292?
172
What is the remainder when 1783 is divided by 832?
119
Calcula